{"id":23,"date":"2024-10-30T12:07:31","date_gmt":"2024-10-30T11:07:31","guid":{"rendered":"https:\/\/usvfoot41.fr\/boutique\/?post_type=product&#038;p=23"},"modified":"2024-12-17T12:16:37","modified_gmt":"2024-12-17T11:16:37","slug":"t-shirt-dovo","status":"publish","type":"product","link":"https:\/\/usvfoot41.fr\/boutique\/accueil__trashed\/adulte\/t-shirt-dovo\/","title":{"rendered":"Maillot d&rsquo;entra\u00eenement DOVO adulte"},"content":{"rendered":"<p>Maillot de match d&rsquo;entra\u00eenement US Vend\u00f4me Football Club adulte REGULAR FIT<\/p>\n<p>Manches courtes, bandes en mesh sur les manches<br \/>\n| Mati\u00e8re trait\u00e9e sp\u00e9cifiquement pour \u00e9vacuer la<br \/>\ntranspiration | Omini imprim\u00e9 sur la poitrine.<\/p>\n<p>Couleur : Bleu Marine<\/p>\n<p>Mati\u00e8re : Polyester<\/p>\n<p>Taille : S, M, L, XL, 2XL, 3XL, 4XL<\/p>\n<p>R\u00e9f : 34196UW<\/p>\n","protected":false},"excerpt":{"rendered":"<p>T-shirt US Vend\u00f4me Football Club Adulte<\/p>\n<p>Couleur : Bleu Marine<\/p>\n<p>Mati\u00e8re : Polyester<\/p>\n<p>Taille : S, M, L, XL, 2XL, 3XL, 4XL<\/p>\n<p>R\u00e9f : 34196UW<\/p>\n","protected":false},"featured_media":1674,"comment_status":"open","ping_status":"closed","template":"","meta":[],"product_brand":[],"product_cat":[16,49,48],"product_tag":[],"class_list":{"0":"post-23","1":"product","2":"type-product","3":"status-publish","4":"has-post-thumbnail","6":"product_cat-adulte","7":"product_cat-initiales","8":"product_cat-nom","10":"first","11":"instock","12":"shipping-taxable","13":"purchasable","14":"product-type-variable"},"_links":{"self":[{"href":"https:\/\/usvfoot41.fr\/boutique\/wp-json\/wp\/v2\/product\/23","targetHints":{"allow":["GET"]}}],"collection":[{"href":"https:\/\/usvfoot41.fr\/boutique\/wp-json\/wp\/v2\/product"}],"about":[{"href":"https:\/\/usvfoot41.fr\/boutique\/wp-json\/wp\/v2\/types\/product"}],"replies":[{"embeddable":true,"href":"https:\/\/usvfoot41.fr\/boutique\/wp-json\/wp\/v2\/comments?post=23"}],"wp:featuredmedia":[{"embeddable":true,"href":"https:\/\/usvfoot41.fr\/boutique\/wp-json\/wp\/v2\/media\/1674"}],"wp:attachment":[{"href":"https:\/\/usvfoot41.fr\/boutique\/wp-json\/wp\/v2\/media?parent=23"}],"wp:term":[{"taxonomy":"product_brand","embeddable":true,"href":"https:\/\/usvfoot41.fr\/boutique\/wp-json\/wp\/v2\/product_brand?post=23"},{"taxonomy":"product_cat","embeddable":true,"href":"https:\/\/usvfoot41.fr\/boutique\/wp-json\/wp\/v2\/product_cat?post=23"},{"taxonomy":"product_tag","embeddable":true,"href":"https:\/\/usvfoot41.fr\/boutique\/wp-json\/wp\/v2\/product_tag?post=23"}],"curies":[{"name":"wp","href":"https:\/\/api.w.org\/{rel}","templated":true}]}}